{"id":22079,"date":"2026-03-08T11:03:10","date_gmt":"2026-03-08T10:03:10","guid":{"rendered":"https:\/\/kathrinbode.de\/art\/?page_id=22079"},"modified":"2026-03-08T11:03:10","modified_gmt":"2026-03-08T10:03:10","slug":"2026-februar-monatsliste","status":"publish","type":"page","link":"http:\/\/kathrinbode.de\/art\/2026-februar-monatsliste\/","title":{"rendered":"2026 Februar Monatsliste"},"content":{"rendered":"\n<div data-wp-interactive=\"core\/file\" class=\"wp-block-file\"><object data-wp-bind--hidden=\"!state.hasPdfPreview\" hidden class=\"wp-block-file__embed\" data=\"https:\/\/kathrinbode.de\/art\/wp-content\/uploads\/2026\/03\/02_2026-Februar-Monatsliste-1.pdf\" type=\"application\/pdf\" style=\"width:100%;height:600px\" aria-label=\"Einbettung von 02_2026 Februar Monatsliste (1).\"><\/object><a id=\"wp-block-file--media-769131c3-a696-4de5-97d7-c31cbcffbeef\" href=\"https:\/\/kathrinbode.de\/art\/wp-content\/uploads\/2026\/03\/02_2026-Februar-Monatsliste-1.pdf\">02_2026 Februar Monatsliste (1)<\/a><a href=\"https:\/\/kathrinbode.de\/art\/wp-content\/uploads\/2026\/03\/02_2026-Februar-Monatsliste-1.pdf\" class=\"wp-block-file__button wp-element-button\" download aria-describedby=\"wp-block-file--media-769131c3-a696-4de5-97d7-c31cbcffbeef\">Herunterladen<\/a><\/div>\n","protected":false},"excerpt":{"rendered":"","protected":false},"author":1,"featured_media":0,"parent":0,"menu_order":0,"comment_status":"closed","ping_status":"closed","template":"","meta":{"_themeisle_gutenberg_block_has_review":false,"jetpack_post_was_ever_published":false,"footnotes":""},"class_list":["post-22079","page","type-page","status-publish","hentry"],"jetpack_sharing_enabled":true,"jetpack_shortlink":"https:\/\/wp.me\/P7Iyza-5K7","jetpack_likes_enabled":true,"jetpack-related-posts":[{"id":19231,"url":"http:\/\/kathrinbode.de\/art\/2025-februar-monatsliste\/","url_meta":{"origin":22079,"position":0},"title":"2025 Februar Monatsliste","author":"Kathrin","date":"M\u00e4rz 5, 2025","format":false,"excerpt":"02_2025 Februar MonatslisteHerunterladen","rel":"","context":"\u00c4hnlicher Beitrag","block_context":{"text":"\u00c4hnlicher Beitrag","link":""},"img":{"alt_text":"","src":"","width":0,"height":0},"classes":[]},{"id":19234,"url":"http:\/\/kathrinbode.de\/art\/http-kathrinbode-de-art-2025-februar-monatsliste\/","url_meta":{"origin":22079,"position":1},"title":"http:\/\/kathrinbode.de\/art\/2025-februar-monatsliste\/","author":"Kathrin","date":"M\u00e4rz 5, 2025","format":false,"excerpt":"","rel":"","context":"\u00c4hnlicher Beitrag","block_context":{"text":"\u00c4hnlicher Beitrag","link":""},"img":{"alt_text":"","src":"","width":0,"height":0},"classes":[]},{"id":21962,"url":"http:\/\/kathrinbode.de\/art\/2026-januar-monatsliste\/","url_meta":{"origin":22079,"position":2},"title":"2026 Januar Monatsliste","author":"Kathrin","date":"Februar 9, 2026","format":false,"excerpt":"01 2026 MonatslisteHerunterladen","rel":"","context":"\u00c4hnlicher Beitrag","block_context":{"text":"\u00c4hnlicher Beitrag","link":""},"img":{"alt_text":"","src":"","width":0,"height":0},"classes":[]},{"id":22193,"url":"http:\/\/kathrinbode.de\/art\/2026-maerz-monatsliste\/","url_meta":{"origin":22079,"position":3},"title":"2026 M\u00e4rz Monatsliste","author":"Kathrin","date":"April 5, 2026","format":false,"excerpt":"03_2026 M\u00e4rz MonatslisteHerunterladen","rel":"","context":"\u00c4hnlicher Beitrag","block_context":{"text":"\u00c4hnlicher Beitrag","link":""},"img":{"alt_text":"","src":"","width":0,"height":0},"classes":[]},{"id":20943,"url":"http:\/\/kathrinbode.de\/art\/2025-august-monatsliste\/","url_meta":{"origin":22079,"position":4},"title":"2025 August Monatsliste","author":"Kathrin","date":"September 10, 2025","format":false,"excerpt":"08_2025 August MonatslisteHerunterladen","rel":"","context":"\u00c4hnlicher Beitrag","block_context":{"text":"\u00c4hnlicher Beitrag","link":""},"img":{"alt_text":"","src":"","width":0,"height":0},"classes":[]},{"id":19814,"url":"http:\/\/kathrinbode.de\/art\/2025-april-monatsliste\/","url_meta":{"origin":22079,"position":5},"title":"2025 April Monatsliste","author":"Kathrin","date":"Mai 2, 2025","format":false,"excerpt":"04_2025 April MonatslisteHerunterladen","rel":"","context":"\u00c4hnlicher Beitrag","block_context":{"text":"\u00c4hnlicher Beitrag","link":""},"img":{"alt_text":"","src":"","width":0,"height":0},"classes":[]}],"_links":{"self":[{"href":"http:\/\/kathrinbode.de\/art\/wp-json\/wp\/v2\/pages\/22079","targetHints":{"allow":["GET"]}}],"collection":[{"href":"http:\/\/kathrinbode.de\/art\/wp-json\/wp\/v2\/pages"}],"about":[{"href":"http:\/\/kathrinbode.de\/art\/wp-json\/wp\/v2\/types\/page"}],"author":[{"embeddable":true,"href":"http:\/\/kathrinbode.de\/art\/wp-json\/wp\/v2\/users\/1"}],"replies":[{"embeddable":true,"href":"http:\/\/kathrinbode.de\/art\/wp-json\/wp\/v2\/comments?post=22079"}],"version-history":[{"count":1,"href":"http:\/\/kathrinbode.de\/art\/wp-json\/wp\/v2\/pages\/22079\/revisions"}],"predecessor-version":[{"id":22081,"href":"http:\/\/kathrinbode.de\/art\/wp-json\/wp\/v2\/pages\/22079\/revisions\/22081"}],"wp:attachment":[{"href":"http:\/\/kathrinbode.de\/art\/wp-json\/wp\/v2\/media?parent=22079"}],"curies":[{"name":"wp","href":"https:\/\/api.w.org\/{rel}","templated":true}]}}