{"id":4705,"date":"2017-11-26T13:42:11","date_gmt":"2017-11-26T11:42:11","guid":{"rendered":"http:\/\/kathrinbode.de\/art\/?page_id=4705"},"modified":"2025-08-02T14:46:03","modified_gmt":"2025-08-02T13:46:03","slug":"die-tierischen-mitbewohner","status":"publish","type":"page","link":"http:\/\/kathrinbode.de\/art\/tierisches\/die-tierischen-mitbewohner\/","title":{"rendered":"die tierischen Mitbewohner"},"content":{"rendered":"\n<p>Bobby, genannt Bob. Geboren ca. Sommer 2012 und der Mensch hat das Datum einfach auf den 24.08.2012 festgelegt. Eingezogen ist Bob hier am 15. Mai 2013. Er ist ein &#8222;Rettungskater&#8220;. Seine urspr\u00fcngliche menschliche &#8222;Familie&#8220; wollte ihn aussetzen. \u00dcber eine weitere Person kam er dann schnell zu mir. Riesig, abgemagert mit kahlen Stellen im Fell. Wenige Wochen sp\u00e4ter gabs dann einige heftige Diagnosen. Grob umschrieben: &#8222;Aortenstenose, Klappeninsuffizienzen usw.. Zum heutigen Zeitpunkt nimmt er t\u00e4glich eine Tablette Fortekor und 2 mal 1\/4 Tablette Artenolol. Dazu seit einigen Jahren 1\/4 Blutverd\u00fcnner und 1 Rivaroxaban. Symptome hatte er noch nie. Bob ist fit wie ein junger Kater.<\/p>\n\n\n<div class=\"wp-block-image\">\n<figure class=\"aligncenter\"><a href=\"https:\/\/i0.wp.com\/kathrinbode.de\/art\/wp-content\/uploads\/2019\/05\/Bob-13_02_2017-1-1.jpg\" rel=\"wpdevart_lightbox\"><img data-recalc-dims=\"1\" loading=\"lazy\" decoding=\"async\" width=\"300\" height=\"200\" data-attachment-id=\"5359\" data-permalink=\"http:\/\/kathrinbode.de\/art\/tierisches\/die-tierischen-mitbewohner\/bob-13_02_2017-1-1\/\" data-orig-file=\"https:\/\/i0.wp.com\/kathrinbode.de\/art\/wp-content\/uploads\/2019\/05\/Bob-13_02_2017-1-1.jpg?fit=300%2C200\" data-orig-size=\"300,200\" data-comments-opened=\"1\" data-image-meta=\"{&quot;aperture&quot;:&quot;0&quot;,&quot;credit&quot;:&quot;&quot;,&quot;camera&quot;:&quot;&quot;,&quot;caption&quot;:&quot;&quot;,&quot;created_timestamp&quot;:&quot;0&quot;,&quot;copyright&quot;:&quot;&quot;,&quot;focal_length&quot;:&quot;0&quot;,&quot;iso&quot;:&quot;0&quot;,&quot;shutter_speed&quot;:&quot;0&quot;,&quot;title&quot;:&quot;&quot;,&quot;orientation&quot;:&quot;0&quot;}\" data-image-title=\"Bob-13_02_2017-1-1\" data-image-description=\"\" data-image-caption=\"\" data-large-file=\"https:\/\/i0.wp.com\/kathrinbode.de\/art\/wp-content\/uploads\/2019\/05\/Bob-13_02_2017-1-1.jpg?fit=300%2C200\" src=\"https:\/\/i0.wp.com\/kathrinbode.de\/art\/wp-content\/uploads\/2019\/05\/Bob-13_02_2017-1-1.jpg?resize=300%2C200\" alt=\"\" class=\"wp-image-5359\"\/><\/a><\/figure>\n<\/div>\n\n\n<p><\/p>\n\n\n\n<p>Jack &#8211; geboren am 24.08.2013 zog am 07. Dezember 2013 hier ein. Bob brauchte dringend einen &#8222;Kater-Kumpel&#8220; und die beiden verstehen sich seit ihrem ersten Tag blendend =) Jack ist seit 2022 taub &#8211; was ihn zum Gl\u00fcck \u00fcberhaupt nicht st\u00f6rt. Er miaut so viel wie vorher und Ausfl\u00fcge an der Leine in den Garten mag er sogar noch mehr als vorher \ud83d\ude42<\/p>\n\n\n<div class=\"wp-block-image\">\n<figure class=\"aligncenter\"><a href=\"https:\/\/i0.wp.com\/kathrinbode.de\/art\/wp-content\/uploads\/2019\/05\/Jack-09_02_2017-7-1.jpg\" rel=\"wpdevart_lightbox\"><img data-recalc-dims=\"1\" loading=\"lazy\" decoding=\"async\" width=\"300\" height=\"200\" data-attachment-id=\"5360\" data-permalink=\"http:\/\/kathrinbode.de\/art\/tierisches\/die-tierischen-mitbewohner\/jack-09_02_2017-7-1\/\" data-orig-file=\"https:\/\/i0.wp.com\/kathrinbode.de\/art\/wp-content\/uploads\/2019\/05\/Jack-09_02_2017-7-1.jpg?fit=1200%2C800\" data-orig-size=\"1200,800\" data-comments-opened=\"1\" data-image-meta=\"{&quot;aperture&quot;:&quot;0&quot;,&quot;credit&quot;:&quot;&quot;,&quot;camera&quot;:&quot;&quot;,&quot;caption&quot;:&quot;&quot;,&quot;created_timestamp&quot;:&quot;0&quot;,&quot;copyright&quot;:&quot;&quot;,&quot;focal_length&quot;:&quot;0&quot;,&quot;iso&quot;:&quot;0&quot;,&quot;shutter_speed&quot;:&quot;0&quot;,&quot;title&quot;:&quot;&quot;,&quot;orientation&quot;:&quot;0&quot;}\" data-image-title=\"Jack-09_02_2017-7-1\" data-image-description=\"\" data-image-caption=\"\" data-large-file=\"https:\/\/i0.wp.com\/kathrinbode.de\/art\/wp-content\/uploads\/2019\/05\/Jack-09_02_2017-7-1.jpg?fit=1024%2C683\" src=\"https:\/\/i0.wp.com\/kathrinbode.de\/art\/wp-content\/uploads\/2019\/05\/Jack-09_02_2017-7-1.jpg?resize=300%2C200\" alt=\"\" class=\"wp-image-5360\" srcset=\"https:\/\/i0.wp.com\/kathrinbode.de\/art\/wp-content\/uploads\/2019\/05\/Jack-09_02_2017-7-1.jpg?resize=300%2C200 300w, https:\/\/i0.wp.com\/kathrinbode.de\/art\/wp-content\/uploads\/2019\/05\/Jack-09_02_2017-7-1.jpg?resize=768%2C512 768w, https:\/\/i0.wp.com\/kathrinbode.de\/art\/wp-content\/uploads\/2019\/05\/Jack-09_02_2017-7-1.jpg?resize=1024%2C683 1024w, https:\/\/i0.wp.com\/kathrinbode.de\/art\/wp-content\/uploads\/2019\/05\/Jack-09_02_2017-7-1.jpg?w=1200 1200w\" sizes=\"auto, (max-width: 300px) 100vw, 300px\" \/><\/a><\/figure>\n<\/div>\n\n\n<p><\/p>\n\n\n\n<p>Und die drei Wellensittiche<br>Pam (7 1\/2)&amp; Tweety (2) &#8211;  und Ray (blau 7)<\/p>\n\n\n\n<p>Miss Elli (grau 8)  &#8211; Miss Elli ist leider im Alter von ca 8 1\/2 Jahren entg\u00fcltig Richtung Himmel davon geflogen.<br>Stolzes Alter und sie hatte ja einiges erlebt in ihrem Vogel-Leben. Doch die Farbe grau fehlt mir \ud83d\ude41 Federfarbe grau bringt irgendwie auch einen tollen Welli-Charakter mit sich \ud83d\ude42<\/p>\n\n\n<div class=\"wp-block-image\">\n<figure class=\"alignleft size-large is-resized\"><img data-recalc-dims=\"1\" loading=\"lazy\" decoding=\"async\" width=\"576\" height=\"1024\" data-attachment-id=\"18782\" data-permalink=\"http:\/\/kathrinbode.de\/art\/tierisches\/die-tierischen-mitbewohner\/img_0969\/\" data-orig-file=\"https:\/\/i0.wp.com\/kathrinbode.de\/art\/wp-content\/uploads\/2024\/12\/IMG_0969.png?fit=750%2C1334\" data-orig-size=\"750,1334\" data-comments-opened=\"1\" data-image-meta=\"{&quot;aperture&quot;:&quot;0&quot;,&quot;credit&quot;:&quot;&quot;,&quot;camera&quot;:&quot;&quot;,&quot;caption&quot;:&quot;&quot;,&quot;created_timestamp&quot;:&quot;0&quot;,&quot;copyright&quot;:&quot;&quot;,&quot;focal_length&quot;:&quot;0&quot;,&quot;iso&quot;:&quot;0&quot;,&quot;shutter_speed&quot;:&quot;0&quot;,&quot;title&quot;:&quot;&quot;,&quot;orientation&quot;:&quot;0&quot;}\" data-image-title=\"IMG_0969\" data-image-description=\"\" data-image-caption=\"\" data-large-file=\"https:\/\/i0.wp.com\/kathrinbode.de\/art\/wp-content\/uploads\/2024\/12\/IMG_0969.png?fit=576%2C1024\" src=\"https:\/\/i0.wp.com\/kathrinbode.de\/art\/wp-content\/uploads\/2024\/12\/IMG_0969.png?resize=576%2C1024\" alt=\"\" class=\"wp-image-18782\" style=\"width:244px;height:auto\" srcset=\"https:\/\/i0.wp.com\/kathrinbode.de\/art\/wp-content\/uploads\/2024\/12\/IMG_0969.png?resize=576%2C1024 576w, https:\/\/i0.wp.com\/kathrinbode.de\/art\/wp-content\/uploads\/2024\/12\/IMG_0969.png?resize=169%2C300 169w, https:\/\/i0.wp.com\/kathrinbode.de\/art\/wp-content\/uploads\/2024\/12\/IMG_0969.png?w=750 750w\" sizes=\"auto, (max-width: 576px) 100vw, 576px\" \/><\/figure>\n<\/div>\n\n\n<figure class=\"wp-block-image alignnone\"><a href=\"https:\/\/i0.wp.com\/kathrinbode.de\/art\/wp-content\/uploads\/2017\/04\/DSC_0004.jpg\" rel=\"wpdevart_lightbox\"><img data-recalc-dims=\"1\" loading=\"lazy\" decoding=\"async\" width=\"300\" height=\"281\" data-attachment-id=\"3134\" data-permalink=\"http:\/\/kathrinbode.de\/art\/2017\/04\/die-darwin-voliere-von-fressnapf\/dsc_0004-2\/\" data-orig-file=\"https:\/\/i0.wp.com\/kathrinbode.de\/art\/wp-content\/uploads\/2017\/04\/DSC_0004.jpg?fit=1200%2C1123\" data-orig-size=\"1200,1123\" data-comments-opened=\"1\" data-image-meta=\"{&quot;aperture&quot;:&quot;0&quot;,&quot;credit&quot;:&quot;&quot;,&quot;camera&quot;:&quot;&quot;,&quot;caption&quot;:&quot;&quot;,&quot;created_timestamp&quot;:&quot;0&quot;,&quot;copyright&quot;:&quot;&quot;,&quot;focal_length&quot;:&quot;0&quot;,&quot;iso&quot;:&quot;0&quot;,&quot;shutter_speed&quot;:&quot;0&quot;,&quot;title&quot;:&quot;&quot;,&quot;orientation&quot;:&quot;0&quot;}\" data-image-title=\"DSC_0004\" data-image-description=\"\" data-image-caption=\"\" data-large-file=\"https:\/\/i0.wp.com\/kathrinbode.de\/art\/wp-content\/uploads\/2017\/04\/DSC_0004.jpg?fit=1024%2C958\" src=\"https:\/\/i0.wp.com\/kathrinbode.de\/art\/wp-content\/uploads\/2017\/04\/DSC_0004.jpg?resize=300%2C281\" alt=\"\" class=\"wp-image-3134\" srcset=\"https:\/\/i0.wp.com\/kathrinbode.de\/art\/wp-content\/uploads\/2017\/04\/DSC_0004.jpg?resize=300%2C281 300w, https:\/\/i0.wp.com\/kathrinbode.de\/art\/wp-content\/uploads\/2017\/04\/DSC_0004.jpg?resize=768%2C719 768w, https:\/\/i0.wp.com\/kathrinbode.de\/art\/wp-content\/uploads\/2017\/04\/DSC_0004.jpg?resize=1024%2C958 1024w, https:\/\/i0.wp.com\/kathrinbode.de\/art\/wp-content\/uploads\/2017\/04\/DSC_0004.jpg?w=1200 1200w\" sizes=\"auto, (max-width: 300px) 100vw, 300px\" \/><\/a><\/figure>\n\n\n\n<figure class=\"wp-block-image size-large is-resized\"><img data-recalc-dims=\"1\" loading=\"lazy\" decoding=\"async\" width=\"768\" height=\"1024\" data-attachment-id=\"18785\" data-permalink=\"http:\/\/kathrinbode.de\/art\/tierisches\/die-tierischen-mitbewohner\/img_6053-kopie\/\" data-orig-file=\"https:\/\/i0.wp.com\/kathrinbode.de\/art\/wp-content\/uploads\/2024\/12\/IMG_6053-Kopie-scaled.jpg?fit=1920%2C2560\" data-orig-size=\"1920,2560\" data-comments-opened=\"1\" data-image-meta=\"{&quot;aperture&quot;:&quot;0&quot;,&quot;credit&quot;:&quot;&quot;,&quot;camera&quot;:&quot;&quot;,&quot;caption&quot;:&quot;&quot;,&quot;created_timestamp&quot;:&quot;0&quot;,&quot;copyright&quot;:&quot;&quot;,&quot;focal_length&quot;:&quot;0&quot;,&quot;iso&quot;:&quot;0&quot;,&quot;shutter_speed&quot;:&quot;0&quot;,&quot;title&quot;:&quot;&quot;,&quot;orientation&quot;:&quot;1&quot;}\" data-image-title=\"IMG_6053 Kopie\" data-image-description=\"\" data-image-caption=\"\" data-large-file=\"https:\/\/i0.wp.com\/kathrinbode.de\/art\/wp-content\/uploads\/2024\/12\/IMG_6053-Kopie-scaled.jpg?fit=768%2C1024\" src=\"https:\/\/i0.wp.com\/kathrinbode.de\/art\/wp-content\/uploads\/2024\/12\/IMG_6053-Kopie.jpg?resize=768%2C1024\" alt=\"\" class=\"wp-image-18785\" style=\"width:236px;height:auto\" srcset=\"https:\/\/i0.wp.com\/kathrinbode.de\/art\/wp-content\/uploads\/2024\/12\/IMG_6053-Kopie-scaled.jpg?resize=768%2C1024 768w, https:\/\/i0.wp.com\/kathrinbode.de\/art\/wp-content\/uploads\/2024\/12\/IMG_6053-Kopie-scaled.jpg?resize=225%2C300 225w, https:\/\/i0.wp.com\/kathrinbode.de\/art\/wp-content\/uploads\/2024\/12\/IMG_6053-Kopie-scaled.jpg?resize=1152%2C1536 1152w, https:\/\/i0.wp.com\/kathrinbode.de\/art\/wp-content\/uploads\/2024\/12\/IMG_6053-Kopie-scaled.jpg?resize=1536%2C2048 1536w, https:\/\/i0.wp.com\/kathrinbode.de\/art\/wp-content\/uploads\/2024\/12\/IMG_6053-Kopie-scaled.jpg?w=1920 1920w\" sizes=\"auto, (max-width: 768px) 100vw, 768px\" \/><\/figure>\n","protected":false},"excerpt":{"rendered":"<p>Bobby, genannt Bob. Geboren ca. Sommer 2012 und der Mensch hat das Datum einfach auf den 24.08.2012 festgelegt. Eingezogen ist Bob hier am 15. Mai 2013. Er ist ein &#8222;Rettungskater&#8220;.&hellip;<\/p>\n","protected":false},"author":1,"featured_media":0,"parent":4492,"menu_order":1,"comment_status":"closed","ping_status":"closed","template":"","meta":{"_themeisle_gutenberg_block_has_review":false,"jetpack_post_was_ever_published":false,"footnotes":""},"class_list":["post-4705","page","type-page","status-publish","hentry"],"jetpack_sharing_enabled":true,"jetpack_shortlink":"https:\/\/wp.me\/P7Iyza-1dT","jetpack_likes_enabled":true,"jetpack-related-posts":[{"id":4492,"url":"http:\/\/kathrinbode.de\/art\/tierisches\/","url_meta":{"origin":4705,"position":0},"title":"Tierisches","author":"Kathrin","date":"Oktober 29, 2017","format":false,"excerpt":"Bobby, genannt Bob. Geboren ca. Sommer 2012 und der Mensch hat das Datum einfach auf den 24.08.2012 festgelegt. Eingezogen ist Bob hier am 15. Mai 2013. Er ist ein \"Rettungskater\". Seine urspr\u00fcngliche menschliche \"Familie\" wollte ihn aussetzen. \u00dcber eine weitere Person kam er dann schnell zu mir. Riesig, abgemagert mit\u2026","rel":"","context":"\u00c4hnlicher Beitrag","block_context":{"text":"\u00c4hnlicher Beitrag","link":""},"img":{"alt_text":"","src":"https:\/\/i0.wp.com\/kathrinbode.de\/art\/wp-content\/uploads\/2017\/03\/Bob-13_02_2017-1-1-300x200.jpg?resize=350%2C200","width":350,"height":200},"classes":[]},{"id":4494,"url":"http:\/\/kathrinbode.de\/art\/tierisches\/kater-bob-und-das-zaehneputzen\/","url_meta":{"origin":4705,"position":1},"title":"Kater Bob und das Z\u00e4hneputzen","author":"Kathrin","date":"Oktober 29, 2017","format":false,"excerpt":"Kann man Katzen Z\u00e4hneputzen? Bob hat Zahnstein und zwar massig! Eine kleine Entz\u00fcndung ist auch dabei. Nun ist Z\u00e4hneputzen angesagt. Und ja, das klappt. Bei Bob. Bei Jack w\u00e4re das eine ganz andere Geschichte. Doch Bob l\u00e4sst sich die Z\u00e4hne putzen. Ein wenig m\u00fcssen wir (nein ich) noch \u00fcben, damit\u2026","rel":"","context":"\u00c4hnlicher Beitrag","block_context":{"text":"\u00c4hnlicher Beitrag","link":""},"img":{"alt_text":"","src":"https:\/\/i0.wp.com\/kathrinbode.de\/art\/wp-content\/uploads\/2017\/07\/Bob-23_06_2017-7-300x239.jpg?resize=350%2C200","width":350,"height":200},"classes":[]},{"id":4716,"url":"http:\/\/kathrinbode.de\/art\/tierisches\/trixie-katzenspielzeug-turning-feather\/","url_meta":{"origin":4705,"position":2},"title":"Trixie Katzenspielzeug Turning Feather","author":"Kathrin","date":"November 26, 2017","format":false,"excerpt":"Dieses Spielzeug kam nun im Katzenhaushalt an. Vor allem Jack liebt ja \"Federn\" sehr. Schnell war es ausgepackt und es muss nichts weiter aufgebaut werden. Was man braucht sind Batterien. Und zwar drei St\u00fcck (3 AA-Mignon-Batterien). Jack mag alles Neue und war schnell dabei. Bob hat alles aus sicherer Entfernung\u2026","rel":"","context":"\u00c4hnlicher Beitrag","block_context":{"text":"\u00c4hnlicher Beitrag","link":""},"img":{"alt_text":"","src":"https:\/\/i0.wp.com\/kathrinbode.de\/art\/wp-content\/uploads\/2017\/11\/IMG_6219-300x201.jpg?resize=350%2C200","width":350,"height":200},"classes":[]},{"id":1479,"url":"http:\/\/kathrinbode.de\/art\/kreatives\/der-kater-der-vom-himmel-fiel-kurzgeschichte\/","url_meta":{"origin":4705,"position":3},"title":"Der Kater, der vom Himmel fiel (Kurzgeschichte)","author":"Kathrin","date":"Juli 14, 2016","format":false,"excerpt":"Der Kater, der vom Himmel fiel Angefangen hatte es Ostern vor einem Jahr. Meine Mutter und ich waren im Garten, als wir hinter unserer Hecke ein ganz kl\u00e4gliches Miauen h\u00f6rten. Das Miauen geh\u00f6rte zu der Katze unseres Nachbarn. Er hatte zwei Katzen. Die eine war eine sehr Menschenbezogene Katze. Die\u2026","rel":"","context":"\u00c4hnlicher Beitrag","block_context":{"text":"\u00c4hnlicher Beitrag","link":""},"img":{"alt_text":"","src":"https:\/\/i0.wp.com\/kathrinbode.de\/art\/wp-content\/uploads\/2016\/07\/DSC_0086.jpg?fit=1199%2C794&resize=350%2C200","width":350,"height":200,"srcset":"https:\/\/i0.wp.com\/kathrinbode.de\/art\/wp-content\/uploads\/2016\/07\/DSC_0086.jpg?fit=1199%2C794&resize=350%2C200 1x, https:\/\/i0.wp.com\/kathrinbode.de\/art\/wp-content\/uploads\/2016\/07\/DSC_0086.jpg?fit=1199%2C794&resize=525%2C300 1.5x, https:\/\/i0.wp.com\/kathrinbode.de\/art\/wp-content\/uploads\/2016\/07\/DSC_0086.jpg?fit=1199%2C794&resize=700%2C400 2x, https:\/\/i0.wp.com\/kathrinbode.de\/art\/wp-content\/uploads\/2016\/07\/DSC_0086.jpg?fit=1199%2C794&resize=1050%2C600 3x"},"classes":[]},{"id":1481,"url":"http:\/\/kathrinbode.de\/art\/kreatives\/der-wellensittich-der-vom-kater-gerettet-wurde-kurzgeschichte\/","url_meta":{"origin":4705,"position":4},"title":"Der Wellensittich, der vom Kater gerettet wurde (Kurzgeschichte)","author":"Kathrin","date":"Juli 14, 2016","format":false,"excerpt":"Der Wellensittich, der vom Kater gerettet wurde Es war Februar. Und kalt. Februar eben. Das ganze ist schon einige Jahre her, damals wohnte ich noch im Haus meiner Eltern im Dachgeschoss. Zusammen mit zwei alten Wellensittichen, Oma und Opa. Beide schon an die 10 Jahre alt. An diesem Tag im\u2026","rel":"","context":"\u00c4hnlicher Beitrag","block_context":{"text":"\u00c4hnlicher Beitrag","link":""},"img":{"alt_text":"","src":"https:\/\/i0.wp.com\/kathrinbode.de\/art\/wp-content\/uploads\/2016\/07\/17_06_2016_Wellensittich-3-1.jpg?fit=1000%2C830&resize=350%2C200","width":350,"height":200,"srcset":"https:\/\/i0.wp.com\/kathrinbode.de\/art\/wp-content\/uploads\/2016\/07\/17_06_2016_Wellensittich-3-1.jpg?fit=1000%2C830&resize=350%2C200 1x, https:\/\/i0.wp.com\/kathrinbode.de\/art\/wp-content\/uploads\/2016\/07\/17_06_2016_Wellensittich-3-1.jpg?fit=1000%2C830&resize=525%2C300 1.5x, https:\/\/i0.wp.com\/kathrinbode.de\/art\/wp-content\/uploads\/2016\/07\/17_06_2016_Wellensittich-3-1.jpg?fit=1000%2C830&resize=700%2C400 2x"},"classes":[]},{"id":1486,"url":"http:\/\/kathrinbode.de\/art\/kreatives\/tueren\/","url_meta":{"origin":4705,"position":5},"title":"kurze Texte","author":"Kathrin","date":"Juli 14, 2016","format":false,"excerpt":"Und dann gehst du. Wie eine T\u00fcr, die sich \u00f6ffnet. Und du staunst. Als wenn du etwas zum allerersten Mal siehst und verstehst. Und es ist so wundersch\u00f6n. Du blickst auf das, was war. Auf das, was ist und sein wird. Du lachst, denn du verstehst: Es ist so einfach.\u2026","rel":"","context":"\u00c4hnlicher Beitrag","block_context":{"text":"\u00c4hnlicher Beitrag","link":""},"img":{"alt_text":"tuer","src":"https:\/\/i0.wp.com\/kathrinbode.de\/art\/wp-content\/uploads\/2016\/07\/tuer-199x300.jpg?resize=350%2C200","width":350,"height":200},"classes":[]}],"_links":{"self":[{"href":"http:\/\/kathrinbode.de\/art\/wp-json\/wp\/v2\/pages\/4705","targetHints":{"allow":["GET"]}}],"collection":[{"href":"http:\/\/kathrinbode.de\/art\/wp-json\/wp\/v2\/pages"}],"about":[{"href":"http:\/\/kathrinbode.de\/art\/wp-json\/wp\/v2\/types\/page"}],"author":[{"embeddable":true,"href":"http:\/\/kathrinbode.de\/art\/wp-json\/wp\/v2\/users\/1"}],"replies":[{"embeddable":true,"href":"http:\/\/kathrinbode.de\/art\/wp-json\/wp\/v2\/comments?post=4705"}],"version-history":[{"count":5,"href":"http:\/\/kathrinbode.de\/art\/wp-json\/wp\/v2\/pages\/4705\/revisions"}],"predecessor-version":[{"id":20696,"href":"http:\/\/kathrinbode.de\/art\/wp-json\/wp\/v2\/pages\/4705\/revisions\/20696"}],"up":[{"embeddable":true,"href":"http:\/\/kathrinbode.de\/art\/wp-json\/wp\/v2\/pages\/4492"}],"wp:attachment":[{"href":"http:\/\/kathrinbode.de\/art\/wp-json\/wp\/v2\/media?parent=4705"}],"curies":[{"name":"wp","href":"https:\/\/api.w.org\/{rel}","templated":true}]}}