{"id":4953,"date":"2018-01-17T15:04:25","date_gmt":"2018-01-17T13:04:25","guid":{"rendered":"http:\/\/kathrinbode.de\/art\/?page_id=4953"},"modified":"2018-01-17T15:08:04","modified_gmt":"2018-01-17T13:08:04","slug":"die-teiche-natur-2018","status":"publish","type":"page","link":"http:\/\/kathrinbode.de\/art\/fotoalben\/2017-2\/die-teiche-natur-2018\/","title":{"rendered":"die Teiche Natur 2018"},"content":{"rendered":"<p>Naturfotos von den Kl\u00e4rteichen in Lehrte.<\/p>\n<p><a href=\"http:\/\/kathrinbode.de\/art\/2017-2\/die-teiche-natur-2018\/teiche-natur-2018-1\/\">Gallerie 1<\/a><\/p>\n","protected":false},"excerpt":{"rendered":"<p>Naturfotos von den Kl\u00e4rteichen in Lehrte. Gallerie 1<\/p>\n","protected":false},"author":1,"featured_media":0,"parent":2587,"menu_order":6,"comment_status":"closed","ping_status":"closed","template":"","meta":{"_themeisle_gutenberg_block_has_review":false,"jetpack_post_was_ever_published":false,"footnotes":""},"class_list":["post-4953","page","type-page","status-publish","hentry"],"jetpack_sharing_enabled":true,"jetpack_shortlink":"https:\/\/wp.me\/P7Iyza-1hT","jetpack_likes_enabled":true,"jetpack-related-posts":[{"id":4960,"url":"http:\/\/kathrinbode.de\/art\/fotoalben\/2017-2\/klaerteiche-2018\/","url_meta":{"origin":4953,"position":0},"title":"Kl\u00e4rteiche 2018","author":"Kathrin","date":"Januar 17, 2018","format":false,"excerpt":"Tieraufnahmen aufgenommen bei den Kl\u00e4rteichen in Lehrte \u00a0 Kl\u00e4rteiche Lehrte - August 2018 - Juli 2018 - Juni 2018 - Mai 2018 - April 2018 - M\u00e4rz 2018 - Februar 2018 - Januar 2018 Kl\u00e4rteiche Lehrte Natur -\u00a0 April bis 2018 - Januar bis M\u00e4rz 2018","rel":"","context":"\u00c4hnlicher Beitrag","block_context":{"text":"\u00c4hnlicher Beitrag","link":""},"img":{"alt_text":"","src":"","width":0,"height":0},"classes":[]},{"id":4956,"url":"http:\/\/kathrinbode.de\/art\/fotoalben\/2017-2\/die-teiche-natur-2018\/teiche-natur-2018-1\/","url_meta":{"origin":4953,"position":1},"title":"Teiche Natur 2018 Teil 1","author":"Kathrin","date":"Januar 17, 2018","format":false,"excerpt":"","rel":"","context":"\u00c4hnlicher Beitrag","block_context":{"text":"\u00c4hnlicher Beitrag","link":""},"img":{"alt_text":"","src":"","width":0,"height":0},"classes":[]},{"id":5027,"url":"http:\/\/kathrinbode.de\/art\/fotoalben\/2017-2\/die-teiche-natur-2018\/die-teiche-natur-2\/","url_meta":{"origin":4953,"position":2},"title":"die Teiche Natur 2","author":"Kathrin","date":"Mai 6, 2018","format":false,"excerpt":"","rel":"","context":"\u00c4hnlicher Beitrag","block_context":{"text":"\u00c4hnlicher Beitrag","link":""},"img":{"alt_text":"","src":"","width":0,"height":0},"classes":[]},{"id":5254,"url":"http:\/\/kathrinbode.de\/art\/fotos-2019\/die-teiche-natur\/teiche-natur-1\/","url_meta":{"origin":4953,"position":3},"title":"Teiche Natur 1","author":"Kathrin","date":"Januar 30, 2019","format":false,"excerpt":"","rel":"","context":"\u00c4hnlicher Beitrag","block_context":{"text":"\u00c4hnlicher Beitrag","link":""},"img":{"alt_text":"","src":"","width":0,"height":0},"classes":[]},{"id":5241,"url":"http:\/\/kathrinbode.de\/art\/fotos-2019\/die-teiche-natur\/","url_meta":{"origin":4953,"position":4},"title":"die Teiche Natur","author":"Kathrin","date":"Januar 30, 2019","format":false,"excerpt":"Seite 1","rel":"","context":"\u00c4hnlicher Beitrag","block_context":{"text":"\u00c4hnlicher Beitrag","link":""},"img":{"alt_text":"","src":"","width":0,"height":0},"classes":[]},{"id":2587,"url":"http:\/\/kathrinbode.de\/art\/fotoalben\/2017-2\/","url_meta":{"origin":4953,"position":5},"title":"Fotos 2018","author":"Kathrin","date":"Dezember 28, 2016","format":false,"excerpt":"Fotos 2018 Kl\u00e4rteiche Lehrte Kl\u00e4rteiche Lehrte Natur Graureiher Kolonie Natur woanders (Burgdorf, Aligse, Wald, Hohnhorst) Fotos 2018 (alles m\u00f6gliche!) Alle Fotos sind auf FLICKR !","rel":"","context":"\u00c4hnlicher Beitrag","block_context":{"text":"\u00c4hnlicher Beitrag","link":""},"img":{"alt_text":"","src":"","width":0,"height":0},"classes":[]}],"_links":{"self":[{"href":"http:\/\/kathrinbode.de\/art\/wp-json\/wp\/v2\/pages\/4953","targetHints":{"allow":["GET"]}}],"collection":[{"href":"http:\/\/kathrinbode.de\/art\/wp-json\/wp\/v2\/pages"}],"about":[{"href":"http:\/\/kathrinbode.de\/art\/wp-json\/wp\/v2\/types\/page"}],"author":[{"embeddable":true,"href":"http:\/\/kathrinbode.de\/art\/wp-json\/wp\/v2\/users\/1"}],"replies":[{"embeddable":true,"href":"http:\/\/kathrinbode.de\/art\/wp-json\/wp\/v2\/comments?post=4953"}],"version-history":[{"count":3,"href":"http:\/\/kathrinbode.de\/art\/wp-json\/wp\/v2\/pages\/4953\/revisions"}],"predecessor-version":[{"id":4959,"href":"http:\/\/kathrinbode.de\/art\/wp-json\/wp\/v2\/pages\/4953\/revisions\/4959"}],"up":[{"embeddable":true,"href":"http:\/\/kathrinbode.de\/art\/wp-json\/wp\/v2\/pages\/2587"}],"wp:attachment":[{"href":"http:\/\/kathrinbode.de\/art\/wp-json\/wp\/v2\/media?parent=4953"}],"curies":[{"name":"wp","href":"https:\/\/api.w.org\/{rel}","templated":true}]}}

<p>Naturfotos von den Klärteichen in Lehrte.</p>
<p><a href="http://kathrinbode.de/art/2017-2/die-teiche-natur-2018/teiche-natur-2018-1/">Gallerie 1</a></p>

<p>Naturfotos von den Klärteichen in Lehrte. Gallerie 1</p>

Klärteiche 2018

Tieraufnahmen aufgenommen bei den Klärteichen in Lehrte   Klärteiche Lehrte - August 2018 - Juli 2018 - Juni 2018 - Mai 2018 - April 2018 - März 2018 - Februar 2018 - Januar 2018 Klärteiche Lehrte Natur -  April bis 2018 - Januar bis März 2018

Ähnlicher Beitrag

Fotos 2018 Klärteiche Lehrte Klärteiche Lehrte Natur Graureiher Kolonie Natur woanders (Burgdorf, Aligse, Wald, Hohnhorst) Fotos 2018 (alles mögliche!) Alle Fotos sind auf FLICKR !
