{"id":1481,"date":"2016-07-14T14:53:17","date_gmt":"2016-07-14T12:53:17","guid":{"rendered":"http:\/\/kathrinbode.de\/art\/?page_id=1481"},"modified":"2019-05-11T13:27:55","modified_gmt":"2019-05-11T11:27:55","slug":"der-wellensittich-der-vom-kater-gerettet-wurde-kurzgeschichte","status":"publish","type":"page","link":"https:\/\/kathrinbode.de\/art\/kreatives\/der-wellensittich-der-vom-kater-gerettet-wurde-kurzgeschichte\/","title":{"rendered":"Der Wellensittich, der vom Kater gerettet wurde (Kurzgeschichte)"},"content":{"rendered":"<p>Der Wellensittich, der vom Kater gerettet wurde<\/p>\n<p>Es war Februar. Und kalt. Februar eben.<br \/>\nDas ganze ist schon einige Jahre her, damals wohnte ich noch im Haus meiner Eltern im Dachgeschoss. Zusammen mit zwei alten Wellensittichen, Oma und Opa. Beide schon an die 10 Jahre alt.<\/p>\n<p>An diesem Tag im Februar blickte ich gegen Mittag fl\u00fcchtig aus dem Fenster. Um es dann gleich aufzurei\u00dfen. Etwas gr\u00fcn-gelbes war vorbeigeflogen. Und f\u00fcnf Meter entfernt von mir auf dem Dach gelandet.<\/p>\n<p>Ein kleiner Wellensittich. Wie schrecklich. Der Arme!!<br \/>\nIch musste ihn retten. Nur wie?<\/p>\n<p>Versuch Nr.1: Ihn nett zu rufen.<br \/>\nKlappte nicht. Er war wohl nicht zahm. So ein Pech.<br \/>\nTrotzdem versuchte ich es eine ganze Zeit weiter.<br \/>\nDann flog er weg.<\/p>\n<p>Versuch Nr. 2: Hinterher laufen. Aber auch das brachte uns nicht wirklich n\u00e4her.<br \/>\nIch ging wieder rein. Zum Gl\u00fcck flog er auch wieder in die Richtung meines Fensters (nur leider nicht rein).<\/p>\n<p>Versuch Nr. 3: Meine beiden Wellensittiche kamen ins Spiel. Eindringlich erkl\u00e4rte ich ihnen, warum sie doch bitte genau jetzt wundersch\u00f6n zwitschern sollten. Sie sahen das aber nicht ein. Oder ihnen war zu kalt. Nach fast einer Stunde ge\u00f6ffnetem Fenster&#8230;.<\/p>\n<p>Versuch Nr. 4, moderne Technik: Dank Internet fand ich doch so einige Audio-Dateien mit Vogestimmen. Wenn meine schon nicht wollten&#8230; oh doch. Als meine beiden Alten die T\u00f6ne h\u00f6rten, machten sie mit. Aber auch das brachte den Vogel da drau\u00dfen nicht in mein Zimmer.<\/p>\n<p>Irgendwann setzte ich mir ein Zeitlimit. Bis 13:30 Uhr, dann ist Schluss.<\/p>\n<p>Es wurde 13:30 Uhr, in meinem Zimmer waren weiterhin nur zwei Wellensittiche. Oma und Opa.<\/p>\n<p>Traurig schloss ich das Fenster und dachte, ich schaue mal nach Felix, meinem Kater (der, der vom Himmel fiel http:\/\/www.myheimat.de\/lehrte\/beitrag\/95279\/der-kater-der-vom-himmel-fiel\/ ). Trost konnte ich gut gebrauchen.<\/p>\n<p>Felix hatte ein Kellerzimmer mit Katzenklappe. Ich ging also runter und schaute durch die Scheibe in der T\u00fcr.<br \/>\nUnd Felix war da.<br \/>\nAber nicht alleine.<br \/>\nDa flog etwas gr\u00fcn-gelbes durch das Zimmer.<\/p>\n<p>Versuch Nr. 5:<br \/>\nRein in das Zimmer.<br \/>\nKater hinausbef\u00f6rdern (ja, die undankbaren Menschen&#8230;)<br \/>\nWellensittich fangen.<br \/>\nWar gar nicht so einfach, so munter wie der war!<br \/>\nUnd dem Vogel fehlte nicht eine Feder.<\/p>\n<p>Pl\u00f6tzlich hatte ich dann nicht mehr zwei Wellensittiche, sondern vier.<br \/>\nDenn zu den Alten konnte Pete (nat\u00fcrlich bekam er einen Namen) nicht, sondern er brauchte einen neuen Partner.<\/p>\n","protected":false},"excerpt":{"rendered":"<p>Der Wellensittich, der vom Kater gerettet wurde Es war Februar. Und kalt. Februar eben. Das ganze ist schon einige Jahre her, damals wohnte ich noch im Haus meiner Eltern im&hellip;<\/p>\n","protected":false},"author":1,"featured_media":1527,"parent":5327,"menu_order":3,"comment_status":"closed","ping_status":"closed","template":"","meta":{"_themeisle_gutenberg_block_has_review":false,"jetpack_post_was_ever_published":false,"footnotes":""},"class_list":["post-1481","page","type-page","status-publish","has-post-thumbnail","hentry"],"jetpack_sharing_enabled":true,"jetpack_shortlink":"https:\/\/wp.me\/P7Iyza-nT","jetpack_likes_enabled":true,"jetpack-related-posts":[{"id":1479,"url":"https:\/\/kathrinbode.de\/art\/kreatives\/der-kater-der-vom-himmel-fiel-kurzgeschichte\/","url_meta":{"origin":1481,"position":0},"title":"Der Kater, der vom Himmel fiel (Kurzgeschichte)","author":"Kathrin","date":"Juli 14, 2016","format":false,"excerpt":"Der Kater, der vom Himmel fiel Angefangen hatte es Ostern vor einem Jahr. Meine Mutter und ich waren im Garten, als wir hinter unserer Hecke ein ganz kl\u00e4gliches Miauen h\u00f6rten. Das Miauen geh\u00f6rte zu der Katze unseres Nachbarn. Er hatte zwei Katzen. Die eine war eine sehr Menschenbezogene Katze. Die\u2026","rel":"","context":"\u00c4hnlicher Beitrag","block_context":{"text":"\u00c4hnlicher Beitrag","link":""},"img":{"alt_text":"","src":"https:\/\/i0.wp.com\/kathrinbode.de\/art\/wp-content\/uploads\/2016\/07\/DSC_0086.jpg?fit=1199%2C794&ssl=1&resize=350%2C200","width":350,"height":200,"srcset":"https:\/\/i0.wp.com\/kathrinbode.de\/art\/wp-content\/uploads\/2016\/07\/DSC_0086.jpg?fit=1199%2C794&ssl=1&resize=350%2C200 1x, https:\/\/i0.wp.com\/kathrinbode.de\/art\/wp-content\/uploads\/2016\/07\/DSC_0086.jpg?fit=1199%2C794&ssl=1&resize=525%2C300 1.5x, https:\/\/i0.wp.com\/kathrinbode.de\/art\/wp-content\/uploads\/2016\/07\/DSC_0086.jpg?fit=1199%2C794&ssl=1&resize=700%2C400 2x, https:\/\/i0.wp.com\/kathrinbode.de\/art\/wp-content\/uploads\/2016\/07\/DSC_0086.jpg?fit=1199%2C794&ssl=1&resize=1050%2C600 3x"},"classes":[]},{"id":4494,"url":"https:\/\/kathrinbode.de\/art\/tierisches\/kater-bob-und-das-zaehneputzen\/","url_meta":{"origin":1481,"position":1},"title":"Kater Bob und das Z\u00e4hneputzen","author":"Kathrin","date":"Oktober 29, 2017","format":false,"excerpt":"Kann man Katzen Z\u00e4hneputzen? Bob hat Zahnstein und zwar massig! Eine kleine Entz\u00fcndung ist auch dabei. Nun ist Z\u00e4hneputzen angesagt. Und ja, das klappt. Bei Bob. Bei Jack w\u00e4re das eine ganz andere Geschichte. Doch Bob l\u00e4sst sich die Z\u00e4hne putzen. Ein wenig m\u00fcssen wir (nein ich) noch \u00fcben, damit\u2026","rel":"","context":"\u00c4hnlicher Beitrag","block_context":{"text":"\u00c4hnlicher Beitrag","link":""},"img":{"alt_text":"","src":"https:\/\/i0.wp.com\/kathrinbode.de\/art\/wp-content\/uploads\/2017\/07\/Bob-23_06_2017-7-300x239.jpg?resize=350%2C200","width":350,"height":200},"classes":[]},{"id":4496,"url":"https:\/\/kathrinbode.de\/art\/tierisches\/wellensittiche-die-darwin-voliere-von-fressnapf\/","url_meta":{"origin":1481,"position":2},"title":"Wellensittiche &#8211; die Darwin Voliere von Fressnapf","author":"Kathrin","date":"Oktober 29, 2017","format":false,"excerpt":"An diesem Wochenende gab es keinen Ausflug zu den Teichen. Volierenaufbau und Chaosbeseitigung waren angesagt. Gekauft haben wir die Voliere beim Fressnapf in Burgdorf. Wohl ein \u00e4lteres Modell. Die neue Version hat als Schutz unten Plexiglas und nicht Pappe. Nun gut. Der nette Verk\u00e4ufer hat dieses schwere Monstrum-Paket f\u00fcr uns\u2026","rel":"","context":"\u00c4hnlicher Beitrag","block_context":{"text":"\u00c4hnlicher Beitrag","link":""},"img":{"alt_text":"","src":"https:\/\/i0.wp.com\/kathrinbode.de\/art\/wp-content\/uploads\/2017\/04\/DSC_0001-300x200.jpg?resize=350%2C200","width":350,"height":200},"classes":[]},{"id":1477,"url":"https:\/\/kathrinbode.de\/art\/kreatives\/eismenschen-kurzgeschichte\/","url_meta":{"origin":1481,"position":3},"title":"Eismenschen (Kurzgeschichte)","author":"Kathrin","date":"Juli 14, 2016","format":false,"excerpt":"Eismenschen Josefine stand am Fenster und schaute auf die Stra\u00dfe. Es war Anfang August, doch vom Sommer war nichts zu sehen. Im Gegenteil, es schneite! Die Stra\u00dfe, die B\u00e4ume, die H\u00e4user und die Autos - alles war schon von einer dicken, wei\u00dfen Schneeschicht bedeckt. Doch der Schnee, so ungew\u00f6hnlich er\u2026","rel":"","context":"\u00c4hnlicher Beitrag","block_context":{"text":"\u00c4hnlicher Beitrag","link":""},"img":{"alt_text":"","src":"https:\/\/i0.wp.com\/kathrinbode.de\/art\/wp-content\/uploads\/2016\/07\/noah2.jpg?fit=1000%2C662&ssl=1&resize=350%2C200","width":350,"height":200,"srcset":"https:\/\/i0.wp.com\/kathrinbode.de\/art\/wp-content\/uploads\/2016\/07\/noah2.jpg?fit=1000%2C662&ssl=1&resize=350%2C200 1x, https:\/\/i0.wp.com\/kathrinbode.de\/art\/wp-content\/uploads\/2016\/07\/noah2.jpg?fit=1000%2C662&ssl=1&resize=525%2C300 1.5x, https:\/\/i0.wp.com\/kathrinbode.de\/art\/wp-content\/uploads\/2016\/07\/noah2.jpg?fit=1000%2C662&ssl=1&resize=700%2C400 2x"},"classes":[]},{"id":4705,"url":"https:\/\/kathrinbode.de\/art\/tierisches\/die-tierischen-mitbewohner\/","url_meta":{"origin":1481,"position":4},"title":"die tierischen Mitbewohner","author":"Kathrin","date":"November 26, 2017","format":false,"excerpt":"Bobby, genannt Bob. Geboren ca. Sommer 2012 und der Mensch hat das Datum einfach auf den 24.08.2012 festgelegt. Eingezogen ist Bob hier am 15. Mai 2013. Er ist ein \"Rettungskater\". Seine urspr\u00fcngliche menschliche \"Familie\" wollte ihn aussetzen. \u00dcber eine weitere Person kam er dann schnell zu mir. Riesig, abgemagert mit\u2026","rel":"","context":"\u00c4hnlicher Beitrag","block_context":{"text":"\u00c4hnlicher Beitrag","link":""},"img":{"alt_text":"","src":"https:\/\/i0.wp.com\/kathrinbode.de\/art\/wp-content\/uploads\/2019\/05\/Jack-09_02_2017-7-1.jpg?resize=350%2C200&ssl=1","width":350,"height":200,"srcset":"https:\/\/i0.wp.com\/kathrinbode.de\/art\/wp-content\/uploads\/2019\/05\/Jack-09_02_2017-7-1.jpg?resize=350%2C200&ssl=1 1x, https:\/\/i0.wp.com\/kathrinbode.de\/art\/wp-content\/uploads\/2019\/05\/Jack-09_02_2017-7-1.jpg?resize=525%2C300&ssl=1 1.5x, https:\/\/i0.wp.com\/kathrinbode.de\/art\/wp-content\/uploads\/2019\/05\/Jack-09_02_2017-7-1.jpg?resize=700%2C400&ssl=1 2x, https:\/\/i0.wp.com\/kathrinbode.de\/art\/wp-content\/uploads\/2019\/05\/Jack-09_02_2017-7-1.jpg?resize=1050%2C600&ssl=1 3x"},"classes":[]},{"id":4492,"url":"https:\/\/kathrinbode.de\/art\/tierisches\/","url_meta":{"origin":1481,"position":5},"title":"Tierisches","author":"Kathrin","date":"Oktober 29, 2017","format":false,"excerpt":"Bobby, genannt Bob. Geboren ca. Sommer 2012 und der Mensch hat das Datum einfach auf den 24.08.2012 festgelegt. Eingezogen ist Bob hier am 15. Mai 2013. Er ist ein \"Rettungskater\". Seine urspr\u00fcngliche menschliche \"Familie\" wollte ihn aussetzen. \u00dcber eine weitere Person kam er dann schnell zu mir. Riesig, abgemagert mit\u2026","rel":"","context":"\u00c4hnlicher Beitrag","block_context":{"text":"\u00c4hnlicher Beitrag","link":""},"img":{"alt_text":"","src":"https:\/\/i0.wp.com\/kathrinbode.de\/art\/wp-content\/uploads\/2017\/03\/Bob-13_02_2017-1-1-300x200.jpg?resize=350%2C200","width":350,"height":200},"classes":[]}],"_links":{"self":[{"href":"https:\/\/kathrinbode.de\/art\/wp-json\/wp\/v2\/pages\/1481","targetHints":{"allow":["GET"]}}],"collection":[{"href":"https:\/\/kathrinbode.de\/art\/wp-json\/wp\/v2\/pages"}],"about":[{"href":"https:\/\/kathrinbode.de\/art\/wp-json\/wp\/v2\/types\/page"}],"author":[{"embeddable":true,"href":"https:\/\/kathrinbode.de\/art\/wp-json\/wp\/v2\/users\/1"}],"replies":[{"embeddable":true,"href":"https:\/\/kathrinbode.de\/art\/wp-json\/wp\/v2\/comments?post=1481"}],"version-history":[{"count":2,"href":"https:\/\/kathrinbode.de\/art\/wp-json\/wp\/v2\/pages\/1481\/revisions"}],"predecessor-version":[{"id":1528,"href":"https:\/\/kathrinbode.de\/art\/wp-json\/wp\/v2\/pages\/1481\/revisions\/1528"}],"up":[{"embeddable":true,"href":"https:\/\/kathrinbode.de\/art\/wp-json\/wp\/v2\/pages\/5327"}],"wp:featuredmedia":[{"embeddable":true,"href":"https:\/\/kathrinbode.de\/art\/wp-json\/wp\/v2\/media\/1527"}],"wp:attachment":[{"href":"https:\/\/kathrinbode.de\/art\/wp-json\/wp\/v2\/media?parent=1481"}],"curies":[{"name":"wp","href":"https:\/\/api.w.org\/{rel}","templated":true}]}}