{"id":20309,"date":"2025-07-14T19:43:33","date_gmt":"2025-07-14T18:43:33","guid":{"rendered":"http:\/\/kathrinbode.de\/art\/?page_id=20309"},"modified":"2025-08-02T14:29:13","modified_gmt":"2025-08-02T13:29:13","slug":"2025-juni-teiche","status":"publish","type":"page","link":"https:\/\/kathrinbode.de\/art\/2025-juni-teiche\/","title":{"rendered":"2025 Juni Monatsliste"},"content":{"rendered":"\n<div data-wp-interactive=\"core\/file\" class=\"wp-block-file\"><object data-wp-bind--hidden=\"!state.hasPdfPreview\" hidden class=\"wp-block-file__embed\" data=\"http:\/\/kathrinbode.de\/art\/wp-content\/uploads\/2025\/07\/06_2025-Juni-Monatsliste.pdf\" type=\"application\/pdf\" style=\"width:100%;height:600px\" aria-label=\"Einbettung von 06_2025 Juni Monatsliste.\"><\/object><a id=\"wp-block-file--media-f5614816-37d3-48e2-aff8-9fef966b366a\" href=\"http:\/\/kathrinbode.de\/art\/wp-content\/uploads\/2025\/07\/06_2025-Juni-Monatsliste.pdf\">06_2025 Juni Monatsliste<\/a><a href=\"http:\/\/kathrinbode.de\/art\/wp-content\/uploads\/2025\/07\/06_2025-Juni-Monatsliste.pdf\" class=\"wp-block-file__button wp-element-button\" download aria-describedby=\"wp-block-file--media-f5614816-37d3-48e2-aff8-9fef966b366a\">Herunterladen<\/a><\/div>\n","protected":false},"excerpt":{"rendered":"","protected":false},"author":1,"featured_media":0,"parent":0,"menu_order":0,"comment_status":"closed","ping_status":"closed","template":"","meta":{"_themeisle_gutenberg_block_has_review":false,"jetpack_post_was_ever_published":false,"footnotes":""},"class_list":["post-20309","page","type-page","status-publish","hentry"],"jetpack_sharing_enabled":true,"jetpack_shortlink":"https:\/\/wp.me\/P7Iyza-5hz","jetpack_likes_enabled":true,"jetpack-related-posts":[{"id":20943,"url":"https:\/\/kathrinbode.de\/art\/2025-august-monatsliste\/","url_meta":{"origin":20309,"position":0},"title":"2025 August Monatsliste","author":"Kathrin","date":"September 10, 2025","format":false,"excerpt":"08_2025 August MonatslisteHerunterladen","rel":"","context":"\u00c4hnlicher Beitrag","block_context":{"text":"\u00c4hnlicher Beitrag","link":""},"img":{"alt_text":"","src":"","width":0,"height":0},"classes":[]},{"id":19814,"url":"https:\/\/kathrinbode.de\/art\/2025-april-monatsliste\/","url_meta":{"origin":20309,"position":1},"title":"2025 April Monatsliste","author":"Kathrin","date":"Mai 2, 2025","format":false,"excerpt":"04_2025 April MonatslisteHerunterladen","rel":"","context":"\u00c4hnlicher Beitrag","block_context":{"text":"\u00c4hnlicher Beitrag","link":""},"img":{"alt_text":"","src":"","width":0,"height":0},"classes":[]},{"id":21248,"url":"https:\/\/kathrinbode.de\/art\/2025-september-monatsliste\/","url_meta":{"origin":20309,"position":2},"title":"2025 September Monatsliste","author":"Kathrin","date":"Oktober 13, 2025","format":false,"excerpt":"09_2025 September MonatslisteHerunterladen","rel":"","context":"\u00c4hnlicher Beitrag","block_context":{"text":"\u00c4hnlicher Beitrag","link":""},"img":{"alt_text":"","src":"","width":0,"height":0},"classes":[]},{"id":19231,"url":"https:\/\/kathrinbode.de\/art\/2025-februar-monatsliste\/","url_meta":{"origin":20309,"position":3},"title":"2025 Februar Monatsliste","author":"Kathrin","date":"M\u00e4rz 5, 2025","format":false,"excerpt":"02_2025 Februar MonatslisteHerunterladen","rel":"","context":"\u00c4hnlicher Beitrag","block_context":{"text":"\u00c4hnlicher Beitrag","link":""},"img":{"alt_text":"","src":"","width":0,"height":0},"classes":[]},{"id":21871,"url":"https:\/\/kathrinbode.de\/art\/2025-dezember-monatsliste\/","url_meta":{"origin":20309,"position":4},"title":"2025 Dezember Monatsliste","author":"Kathrin","date":"Januar 1, 2026","format":false,"excerpt":"12_2025 Dezember MonatslisteHerunterladen","rel":"","context":"\u00c4hnlicher Beitrag","block_context":{"text":"\u00c4hnlicher Beitrag","link":""},"img":{"alt_text":"","src":"","width":0,"height":0},"classes":[]},{"id":21705,"url":"https:\/\/kathrinbode.de\/art\/2025-oktober-monatsliste\/","url_meta":{"origin":20309,"position":5},"title":"2025 Oktober Monatsliste","author":"Kathrin","date":"Dezember 7, 2025","format":false,"excerpt":"10_2025 Oktober MonatslisteHerunterladen","rel":"","context":"\u00c4hnlicher Beitrag","block_context":{"text":"\u00c4hnlicher Beitrag","link":""},"img":{"alt_text":"","src":"","width":0,"height":0},"classes":[]}],"_links":{"self":[{"href":"https:\/\/kathrinbode.de\/art\/wp-json\/wp\/v2\/pages\/20309","targetHints":{"allow":["GET"]}}],"collection":[{"href":"https:\/\/kathrinbode.de\/art\/wp-json\/wp\/v2\/pages"}],"about":[{"href":"https:\/\/kathrinbode.de\/art\/wp-json\/wp\/v2\/types\/page"}],"author":[{"embeddable":true,"href":"https:\/\/kathrinbode.de\/art\/wp-json\/wp\/v2\/users\/1"}],"replies":[{"embeddable":true,"href":"https:\/\/kathrinbode.de\/art\/wp-json\/wp\/v2\/comments?post=20309"}],"version-history":[{"count":3,"href":"https:\/\/kathrinbode.de\/art\/wp-json\/wp\/v2\/pages\/20309\/revisions"}],"predecessor-version":[{"id":20669,"href":"https:\/\/kathrinbode.de\/art\/wp-json\/wp\/v2\/pages\/20309\/revisions\/20669"}],"wp:attachment":[{"href":"https:\/\/kathrinbode.de\/art\/wp-json\/wp\/v2\/media?parent=20309"}],"curies":[{"name":"wp","href":"https:\/\/api.w.org\/{rel}","templated":true}]}}